{"id":21,"date":"2015-08-05T14:06:06","date_gmt":"2015-08-05T12:06:06","guid":{"rendered":"http:\/\/www.schorschbross.de\/varietekunst\/wordpress\/?page_id=21"},"modified":"2023-01-25T10:42:41","modified_gmt":"2023-01-25T09:42:41","slug":"referenzen","status":"publish","type":"page","link":"https:\/\/www.schorschbross.de\/varietekunst\/wordpress\/index.php\/referenzen\/","title":{"rendered":"Presse und Kundenstimmen"},"content":{"rendered":"<p>(Weitere Stimmen unter <a href=\"http:\/\/www.seifenblasenkuenstler.de\">www.seifenblasenkuenstler.de<\/a>)<\/p>\n<p><strong><img decoding=\"async\" loading=\"lazy\" class=\"alignnone size-full wp-image-498\" src=\"http:\/\/www.schorschbross.de\/varietekunst\/wordpress\/wp-content\/uploads\/Flagge-Frankreich-e1674639743886.jpg\" alt=\"\" width=\"50\" height=\"33\" \/>\u00a0Maffei-Spezial in Auerbach<\/strong> Dazu schreibt Brigitte Gr\u00fcner in der Presse : &#8222;Stehender Beifall f\u00fcr K\u00fcnstler Schorsch Bross. Super Stimmung im alten Bergwerk. &#8230; Es ist wohl nicht \u00fcbertrieben, wenn man Schorsch Bross als &#8222;echten Tausendsassa&#8220; beschreibt. Er ist musikalisch und sportlich, als Artist bestens vorbereitet, hat eine enorme B\u00fchnenpr\u00e4senz und einen guten Draht zu seinem Publikum. Und als i-T\u00fcpfelchen spricht der K\u00fcnstler auch noch mehrere Fremdsprachen. Seine Moderation am Samstag machte er locker zweisprachig und bezug so die 35 franz\u00f6sischen G\u00e4ste der Veranstaltung bestens mit ein&#8230; Danke Schorsch Bross wurden die G\u00e4ste von der ersten Minute an mitgenommen und hatten dank seiner Zweisprachigkeit immer eben so viel und h\u00e4ufig etwas zu lachen wie die deutschen G\u00e4ste. Wenn Bross sein Alphorn auspackt, spielt er dieses nicht einfach, sondern bringt Comedy und Artistik in den Auftritt ein. Wer h\u00e4tte vorher gedacht, dass man ein Alphorn spielen kann, w\u00e4hrend man auf dem Kopf steht und mit den F\u00fc\u00dfen wackelt? Oder dass man ein Alphorn auf dem Kopf balancieren kann.\u00a0 Schorsch Bross ist ein wahrer Allesk\u00f6nner. Sicher f\u00e4hrt er Hochrad und kann dabei noch jonglieren oder Ringe zielgenau an einem Besen einh\u00e4ngen, den er dabei auf der Stirn balanciert&#8230;. Der Abend &#8222;Maffei-Speziel&#8220; gefiel dem Publikum und den K\u00fcnstlern. Am Ende waren sich alle einig, dass es eine &#8222;bonne soir\u00e9e&#8220;, ein &#8222;sch\u00f6ner Abend&#8220; gewesen ist, den viele mit guten Bekannten oder neuen Freunden verbracht haben.<\/p>\n<p><strong>10 Jahre Wirtschaftsclub Bamberg<\/strong>. Dazu schreibt Bertram Wagner vom fT: &#8222;&#8230;Apropos Applaus: K\u00fcnstler Schorsch Bross entfachte mit seinen Einlagen &#8211; ob Alphorn spielend im Kopfstand oder auf dem Hochrad jonglierend &#8211; wahre Jubelst\u00fcrme&#8230;&#8220;<\/p>\n<p><strong>30 Jahre Stadthalle Ha\u00dffurt.<\/strong> Dazu schreibt die Mainpost: &#8222;&#8230;<strong>Schorsch Bross als Moderator.\u00a0<\/strong>Die Begeisterung war den Zuschauern zu jedem Moment der gut dreist\u00fcndigen, spannenden Show anzumerken. Was die K\u00fcnstler der Variet\u00e9kunst boten, \u00fcbertraf in ihrer Qualit\u00e4t und Faszination alle Erwartungen. Der Comedian, Einradartist, Conf\u00e9rencier und Aktionsk\u00fcnstler Schorsch Bross aus Rudendorf f\u00fchrte wortgewandt, witzig und charmant durch das Programm, bezog das Publikum immer wieder in die Moderation und das B\u00fchnengeschehen mit ein und unterhielt es seinerseits mit vielen Darbietungen&#8230;Waghalsig war f\u00fcr zwei Zuschauer auch der ungeplante Auftritt zusammen mit dem Einradartisten Schorsch Bross: einer von ihnen \u201emusste\u201c nicht nur auf ein Einrad steigen, beide hatten auch die Ehre, Schorsch Bross auf das Einrad zu helfen, auf dem er denn eine ausgekl\u00fcgelte Jonglage pr\u00e4sentierte.&#8220;<\/p>\n<p><img decoding=\"async\" loading=\"lazy\" class=\"alignnone size-full wp-image-498\" src=\"http:\/\/www.schorschbross.de\/varietekunst\/wordpress\/wp-content\/uploads\/Flagge-Frankreich-e1674639743886.jpg\" alt=\"\" width=\"50\" height=\"33\" \/>\u00a0Zur <strong>Jubil\u00e4umsfeier der St\u00e4dtepartnerschaft<\/strong>\u00a0der Stadt Auerbach mit Laneuveville devant Nancy schreibt Herr Joachim Neu\u00df (erster B\u00fcrgermeister): &#8222;\u2026. Dabei haben Sie unsere G\u00e4ste nicht nur mit Ihrem kom\u00f6diantischen Repertoire und Ihrem unnachahmlichen Witz begeistert, sondern vor allem auch durch Ihre eindrucksvolle Akrobatik. Die Kr\u00f6nung Ihres gesamten Auftritts war aber, dass Sie Ihre komplette Show perfekt in Deutsch und Franz\u00f6sisch kommentiert und moderiert haben und so auch unsere franz\u00f6sischen G\u00e4ste gro\u00dfartig eingebunden und diesen einen ausgesprochen humorigen Abend in deren Muttersprache geboten haben\u2026..Ich danke Ihnen ganz herzlich f\u00fcr diese erstklassige, humorvolle, intelligente und akrobatische Unterhaltung anl\u00e4sslich unserer Jubil\u00e4umsfeier, stehe ihnen gerne als Ansprechpartner f\u00fcr Referenzen zur Verf\u00fcgung und werde Sie dabei w\u00e4rmstens empfehlen\u2026.&#8220;<\/p>\n<p><strong>Verabschiedung des Vorstandsvorsitzenden <\/strong>der Leoni AG<strong>.\u00a0<\/strong>Schorsch Bross begleitete im Grand Hotel in N\u00fcrnberg die Verabschiedung des Vorstandsvorsitzenden der Leoni AG vor G\u00e4sten aus aller Welt mit seinem Verzehrtheater. Er f\u00fchrte durch das Programm und schuf mit seinen Variet\u00e9nummern: der Hochradcomedy, dem Alphornwahn, dem Spiel mit den Seifenblasen und dem Liebesgesang flie\u00dfende \u00dcberg\u00e4nge zu G\u00e4stevortr\u00e4gen und den einzelnen G\u00e4ngen. Dazu schreibt der Kunde:Herr Schorsch Bross konnte unser komplettes Publikum mit seiner offenen und professionellen Art begeistern. Die Resonanzen waren durchwegs sehr positiv.\u00a0Unserer Vorstandsabschiedsfeier bleibt jedem sehr positiv in Erinnerung.\u00a0Herzlichen Dank.<\/p>\n<p><img decoding=\"async\" loading=\"lazy\" class=\"size-full wp-image-263 alignleft\" src=\"http:\/\/www.schorschbross.de\/varietekunst\/wordpress\/wp-content\/uploads\/B\u00fchnenshow-nach-dem-Kellnertheater.jpg\" alt=\"B\u00fchnenshow nach dem Kellnertheater\" width=\"300\" height=\"132\" \/>Zur<strong> Weihnachtsfeier<\/strong> von Cellofoam GmbH &amp; Co KG schreibt Frau Rose:\u00a0\u201eHallo Herr Bross, ich werde hier mit Lobeshymnen \u00fcbersch\u00fcttet und bin schon fast am Schweben. Deshalb m\u00f6chte ich Ihnen gerne davon etwas abgeben und Ihnen sagen, dass alle absolut begeistert von Ihnen waren und in den h\u00f6chsten T\u00f6nen von Ihnen schw\u00e4rmen.Von daher m\u00f6chte ich mich auch nochmals ganz herzlich bei Ihnen bedanken f\u00fcr Ihren grandiosen Einsatz an unserer Feier. Das war gro\u00dfe Klasse. Ohne Sie w\u00e4re der Abend niemals so perfekt verlaufen\u2026.\u201c<\/p>\n<p>Auf dem <strong>Mitarbeiter-Herbstfest<\/strong> des Kommunalunternehmens \u201eKrankenh\u00e4user des Landkreises Amberg-Sulzbach\u201c f\u00fchrte Schorsch Bross in verschiedenen Figuren und mit mehreren Showteilen durch den Abend. Herr Ganzmann, stv. Vorstand schreibt dazu:\u2028\u201cSehr geehrter Herr Bross, mit Ihrer Ausstrahlung und Ihren faszinierenden Show-Einlagen haben Sie zum Gelingen unseres Mitarbeiter-Herbstfestes ma\u00dfgeblich beigetragen. Dabei beeindruckten Sie besonders mit einer akrobatischen Hochrad-Nummer und mit einem Alphorn-Balance-Akt. Ebenso fesselnd waren Ihr Farben- und Formenspiel mit Seifenblasen und der virtuos vorgetragene Oberton-Liebgesang. Sie sind flexibel auf unsere W\u00fcnsche eingegangen und haben den Abend durch eigene Ideen bereichert. Ihre unkomplizierte und professionelle Vorgehensweise in der Vorbereitung und in der Durchf\u00fchrung haben wir sehr gesch\u00e4tzt. Die gelungene Verbindung von Moderatione und Show-Teilen begeisterte an diesem Abend mehr als 260 Anwesende. Wir hoffen, dass Sie noch vielen Menschen Freude bereiten werden und verbleiben mit den besten W\u00fcnschen.\u201c<\/p>\n<p>Fresenius Kabi buchte zum wiederholten Mal Schorsch Bross f\u00fcr das Galadinner auf dem Bad Homburger Schlo\u00df im Rahmen eines <strong>Symposiums<\/strong> f\u00fcr klinische Ern\u00e4hrung f\u00fcr \u00c4rzte aus der ganzen Welt. Schorsch Bross improvisierte mit seinem Kellnertheater in verschiedenen Sprachen und begeisterte die internationalen G\u00e4ste mit seiner abschlie\u00dfenden B\u00fchnenshow, bestehend aus seiner HochradComedy, dem Spiel mit den Seifenblasen, dem Obertongesang und dem Alphornwahn. Fotos: Johannes Krzeslack<\/p>\n<p><a href=\"http:\/\/www.schorschbross.de\/varietekunst\/wordpress\/wp-content\/uploads\/Innotech2-Konferenz.jpg\"><img decoding=\"async\" loading=\"lazy\" class=\"size-full wp-image-264 alignleft\" src=\"http:\/\/www.schorschbross.de\/varietekunst\/wordpress\/wp-content\/uploads\/Innotech2-Konferenz.jpg\" alt=\"Innotech2-Konferenz\" width=\"220\" height=\"264\" \/><\/a>Schorsch Bross begleitete k\u00fcnstlerisch den <strong>zweit\u00e4gigen Event<\/strong> der Voestalpine Grobblech mit ihren Partnern aus der ganzen Welt.\u00a0Dazu schreibt Christian Fischer, Technisches Marketing GTM: \u201c Lieber Schorsch\u00a0Bross, ich m\u00f6chte mich auf diesem Wege nochmals bei Ihnen bedanken f\u00fcr die tolle Zusammenarbeit beim 2nd InnoTech Partner-Event.\u00a0Das Event war ein gro\u00dfer Erfolg, viele Kunden haben dies best\u00e4tigt. Es ist Ihnen wieder gelungen, die Teilnehmer zu faszinieren und die gesamte Veranstaltung perfekt zu moderieren.\u201c<\/p>\n<p>Der Fensterbauer D\u00f6pfner lud seine <strong>Kunden, Partner und Zulieferer<\/strong> nach Gerolzhofen zu einem Geo \u2013 Partner \u2013 Tag ein. Schorsch Bross f\u00fchrte in verschiedenen Figuren durch den Tag und schaffte \u00dcberg\u00e4nge zwischen den einzelnen Vortr\u00e4gen bzw. Veranstaltungspunkten, improvisierte mit den G\u00e4sten, begeisterte mit seinen Showteilen und transportierte Inhalte. Dazu schreibt Mario D\u00f6pfner per Mail:\u00a0\u201eHallo Schorsch, nocheinmal vielen Dank f\u00fcr Deine sehr gute k\u00fcnstlerische Darbietung am Freitag. Es war sehr beeindruckend und Du hast uns den roten Faden beschert. Bis zum n\u00e4chsten Mal.\u00a0Deine \u201enat\u00fcrlich anderen\u201c D\u00f6pfners\u201c<\/p>\n<p>Schorsch Bross f\u00fchrte mit seinem Verzehrtheater durch den <strong>Galaabend den der Fachverband Betonbohren und -S\u00e4gen<\/strong> im Rahmen seiner Jahreshauptversammlung veranstaltete. Seine Variet\u00e9nummern zeigte er in verschiedenen Figuren, so war ein Koch, ein Bayer mit dem Alphorn, ein Entwicklungsingenieur f\u00fcr die Seifenblasenkunst, ein schr\u00e4ger Gast auf dem Hochrad und ein Russe mit dem Obertongesang auf der B\u00fchne: Dazu schreibt der Veranstalter Herr Wagener:\u00a0Einfach super!\u00a0Nicht nur als Entertainer spitze \u2013 genauso als Artist, Musiker, Jongleur \u2026..\u00a0Wirklich empfehlenswert!\u00a0Hans Wagener<\/p>\n<p><img decoding=\"async\" loading=\"lazy\" class=\"alignleft wp-image-247\" src=\"http:\/\/www.schorschbross.de\/varietekunst\/wordpress\/wp-content\/uploads\/Seifenblasen-auf-dem-Ball-der-Stadt-Bayreuth-in-einer-Rokoko-Figur.jpg\" alt=\"Seifenblasen auf dem Ball der Stadt Bayreuth in einer Rokoko-Figur\" width=\"220\" height=\"150\" \/>Das letzte Jahr war auch\u00a0ein Jahr der <strong>B\u00e4lle<\/strong>: Ball der Stadt Bayreuth, Schmankerlball Furth, Polizeiball Bamberg, Herbstball der K\u00e4mper-Kompanie Paderborn, Winterball der Sch\u00fctzen in G\u00fctersloh. Schorsch Bross begeisterte die Ballg\u00e4ste mit mehreren Showeinlagen \u00fcber den Abend verteilt.<\/p>\n<p>Die Presse schreibt dar\u00fcber z.B.: \u201eDer sprachgewandte Schorsch Bross imponierte durch seine Vielseitigkeit. Der Bayer in stilechter Lederhose konnte nicht nur auf dem Kopf stehend Alphorn blasen, sp\u00e4ter zeigte er sich auch als Meister-Jongleur mit Ringen und Keulen auf dem Einrad. In das Herz s\u00e4mtlicher Frauen sang sich der Entertainer, als er K\u00f6nigin Judith Wiemann ein mongolisches Liebeslied zweistimmig vortrug und es w\u00e4hrenddessen Rosenbl\u00e4tter regnen lie\u00df.\u201c<\/p>\n","protected":false},"excerpt":{"rendered":"<p>(Weitere Stimmen unter www.seifenblasenkuenstler.de) \u00a0Maffei-Spezial in Auerbach Dazu schreibt Brigitte Gr\u00fcner in der Presse : &#8222;Stehender Beifall f\u00fcr K\u00fcnstler Schorsch Bross. Super Stimmung im alten Bergwerk. &#8230; Es ist wohl nicht \u00fcbertrieben, wenn man Schorsch Bross als &#8222;echten Tausendsassa&#8220; beschreibt. Er ist musikalisch und sportlich, als Artist bestens vorbereitet, hat eine enorme B\u00fchnenpr\u00e4senz und einen guten Draht zu seinem Publikum. Und als i-T\u00fcpfelchen spricht der K\u00fcnstler auch noch mehrere Fremdsprachen. Seine Moderation am Samstag machte er locker zweisprachig und bezug so die 35 franz\u00f6sischen G\u00e4ste der Veranstaltung bestens mit ein&#8230; Danke Schorsch Bross wurden die G\u00e4ste von der ersten Minute an mitgenommen und hatten dank <a class=\"more-link\" href=\"https:\/\/www.schorschbross.de\/varietekunst\/wordpress\/index.php\/referenzen\/\">Weiterlesen&#8230;<\/a><\/p>\n","protected":false},"author":1,"featured_media":0,"parent":0,"menu_order":0,"comment_status":"open","ping_status":"open","template":"","meta":[],"aioseo_notices":[],"_links":{"self":[{"href":"https:\/\/www.schorschbross.de\/varietekunst\/wordpress\/index.php\/wp-json\/wp\/v2\/pages\/21"}],"collection":[{"href":"https:\/\/www.schorschbross.de\/varietekunst\/wordpress\/index.php\/wp-json\/wp\/v2\/pages"}],"about":[{"href":"https:\/\/www.schorschbross.de\/varietekunst\/wordpress\/index.php\/wp-json\/wp\/v2\/types\/page"}],"author":[{"embeddable":true,"href":"https:\/\/www.schorschbross.de\/varietekunst\/wordpress\/index.php\/wp-json\/wp\/v2\/users\/1"}],"replies":[{"embeddable":true,"href":"https:\/\/www.schorschbross.de\/varietekunst\/wordpress\/index.php\/wp-json\/wp\/v2\/comments?post=21"}],"version-history":[{"count":14,"href":"https:\/\/www.schorschbross.de\/varietekunst\/wordpress\/index.php\/wp-json\/wp\/v2\/pages\/21\/revisions"}],"predecessor-version":[{"id":501,"href":"https:\/\/www.schorschbross.de\/varietekunst\/wordpress\/index.php\/wp-json\/wp\/v2\/pages\/21\/revisions\/501"}],"wp:attachment":[{"href":"https:\/\/www.schorschbross.de\/varietekunst\/wordpress\/index.php\/wp-json\/wp\/v2\/media?parent=21"}],"curies":[{"name":"wp","href":"https:\/\/api.w.org\/{rel}","templated":true}]}}