{"id":18,"date":"2015-08-05T14:05:21","date_gmt":"2015-08-05T12:05:21","guid":{"rendered":"http:\/\/www.schorschbross.de\/varietekunst\/wordpress\/?page_id=18"},"modified":"2015-11-30T19:56:40","modified_gmt":"2015-11-30T18:56:40","slug":"buehnenkunst","status":"publish","type":"page","link":"https:\/\/www.schorschbross.de\/varietekunst\/wordpress\/index.php\/buehnenkunst\/","title":{"rendered":"B\u00fchnenkunst"},"content":{"rendered":"<p><span style=\"color: #000000;\"><span class=\"text\">Schorsch Bross ist Comedian, Einradartist, Jongleur, Alphornspieler, Seifenblasenk\u00fcnstler und Obertons\u00e4nger. Energiegeladene Comedy und hohes artistisches K\u00f6nnen verbindet er auf liebenswerte Art zu einzigartigen Nummern:<\/span><\/span><\/p>\n<p><span style=\"color: #000000;\"><span class=\"tahoma12fett\">Die <strong>Hochrad-Comedy<\/strong><\/span><span class=\"textfett\">\u00a0<\/span><span class=\"text\">Ein Garant, um wahre Lach-und Begeisterungsst\u00fcrme im Publikum auszul\u00f6sen.\u00a0<\/span><span class=\"text\">Wenn er am Schluss endlich auf seinem hohen Stangenrad sitzt, einen Besen\u00a0balanciert und dazu auch noch Ringe jongliert, sind die Zuschauer nicht mehr auf den St\u00fchlen zu halten.\u00a0<\/span><\/span><\/p>\n<p><span style=\"color: #000000;\"><span class=\"text\">Sein <strong>Spiel mit Seifenblasen<\/strong> und einer Glaskugel, eine skurrile Reise in die Welt der Phantasie und Illusion, gibt dem Abend eine poetische Stimmung. <\/span><\/span><\/p>\n<p><span style=\"color: #000000;\"><span class=\"text\">D<\/span><span class=\"tahoma12fett\">er <strong>Alphorn-Wahn<\/strong>.\u00a0<\/span><span class=\"text\">Es ert\u00f6nt nicht nur auf klassische Weise, sondern Schorsch Bross entlockt dem Alphorn auch bizarre Kl\u00e4nge aus anderen Welten. <\/span><span class=\"text\">Dem aber nicht genug, spielt er das Alphorn noch in ungewohnten K\u00f6rperlagen und Stellungen. Eine einzigartige Verbindung von Kl\u00e4ngen, Artistik und Clownerie.<\/span><\/span><\/p>\n<p><span style=\"color: #000000;\"><span class=\"tahoma12fett\">Der <strong>Oberton-Liebesgesang<\/strong>.<\/span><\/span><span style=\"color: #000000;\"><span class=\"textfett\">\u00a0<\/span><span class=\"text\">Zweistimmiges Obertonsingen tr\u00e4gt Schorsch Bross als einf\u00fchlsam, skurilen &#8222;s\u00fcdmongolischen Liebesgesang&#8220; vor.<\/span><\/span><\/p>\n<div align=\"left\">\n<p><span style=\"color: #000000;\"><span class=\"text\">F\u00fcr die einzelnen Nummern kann\u00a0Schorsch Bross auch in verschiedene Figuren schl\u00fcpfen: Der Zuschauer sieht einen Bayern, Polizisten, einen Schwulen, einen schwerm\u00fctigen Russen u.a. auf der B\u00fchne. <\/span><\/span><\/p>\n<p><span style=\"color: #000000;\"><span class=\"text\">So entsteht eine <strong>one-man-Variet\u00e9-Show<\/strong>\u00a0f\u00fcr Festivals oder Galas auf h\u00f6chstem artistischen Niveau &#8211; pr\u00e4sentiert mit Freiraum f\u00fcr Improvisation und viel N\u00e4he zum Publikum. <\/span><\/span><\/p>\n<p><span style=\"color: #000000;\"><span class=\"text\">Schorsch Bross spielt seine Show auch auf englisch, franz\u00f6sisch oder italienisch.<\/span><\/span><\/p>\n<\/div>\n","protected":false},"excerpt":{"rendered":"<p>Schorsch Bross ist Comedian, Einradartist, Jongleur, Alphornspieler, Seifenblasenk\u00fcnstler und Obertons\u00e4nger. Energiegeladene Comedy und hohes artistisches K\u00f6nnen verbindet er auf liebenswerte Art zu einzigartigen Nummern: Die Hochrad-Comedy\u00a0Ein Garant, um wahre Lach-und Begeisterungsst\u00fcrme im Publikum auszul\u00f6sen.\u00a0Wenn er am Schluss endlich auf seinem hohen Stangenrad sitzt, einen Besen\u00a0balanciert und dazu auch noch Ringe jongliert, sind die Zuschauer nicht mehr auf den St\u00fchlen zu halten.\u00a0 Sein Spiel mit Seifenblasen und einer Glaskugel, eine skurrile Reise in die Welt der Phantasie und Illusion, gibt dem Abend eine poetische Stimmung. Der Alphorn-Wahn.\u00a0Es ert\u00f6nt nicht nur auf klassische Weise, sondern Schorsch Bross entlockt dem Alphorn auch bizarre Kl\u00e4nge aus anderen Welten. Dem <a class=\"more-link\" href=\"https:\/\/www.schorschbross.de\/varietekunst\/wordpress\/index.php\/buehnenkunst\/\">Weiterlesen&#8230;<\/a><\/p>\n","protected":false},"author":1,"featured_media":0,"parent":0,"menu_order":1,"comment_status":"open","ping_status":"open","template":"","meta":[],"aioseo_notices":[],"_links":{"self":[{"href":"https:\/\/www.schorschbross.de\/varietekunst\/wordpress\/index.php\/wp-json\/wp\/v2\/pages\/18"}],"collection":[{"href":"https:\/\/www.schorschbross.de\/varietekunst\/wordpress\/index.php\/wp-json\/wp\/v2\/pages"}],"about":[{"href":"https:\/\/www.schorschbross.de\/varietekunst\/wordpress\/index.php\/wp-json\/wp\/v2\/types\/page"}],"author":[{"embeddable":true,"href":"https:\/\/www.schorschbross.de\/varietekunst\/wordpress\/index.php\/wp-json\/wp\/v2\/users\/1"}],"replies":[{"embeddable":true,"href":"https:\/\/www.schorschbross.de\/varietekunst\/wordpress\/index.php\/wp-json\/wp\/v2\/comments?post=18"}],"version-history":[{"count":14,"href":"https:\/\/www.schorschbross.de\/varietekunst\/wordpress\/index.php\/wp-json\/wp\/v2\/pages\/18\/revisions"}],"predecessor-version":[{"id":403,"href":"https:\/\/www.schorschbross.de\/varietekunst\/wordpress\/index.php\/wp-json\/wp\/v2\/pages\/18\/revisions\/403"}],"wp:attachment":[{"href":"https:\/\/www.schorschbross.de\/varietekunst\/wordpress\/index.php\/wp-json\/wp\/v2\/media?parent=18"}],"curies":[{"name":"wp","href":"https:\/\/api.w.org\/{rel}","templated":true}]}}